7?
4
What is the ten thousands digit of 1596851?
9
What is the hundred thousands digit of 185593?
1
What is the ten millions digit of 13524815?
1
What is the hundred thousands digit of 761386?
7
What is the ten millions digit of 23378833?
2
What is the hundreds digit of 1470998?
9
What is the units digit of 391752?
2
What is the hundred thousands digit of 2743238?
7
What is the hundred thousands digit of 566173?
5
What is the hundreds digit of 1014003?
0
What is the hundreds digit of 537764?
7
What is the units digit of 121072?
2
What is the hundred thousands digit of 3133814?
1
What is the tens digit of 6337037?
3
What is the thousands digit of 118587?
8
What is the units digit of 2042432?
2
What is the hundreds digit of 130586?
5
What is the millions digit of 9781728?
9
What is the tens digit of 8546477?
7
What is the hundred thousands digit of 440582?
4
What is the millions digit of 7111045?
7
What is the units digit of 71891?
1
What is the ten thousands digit of 246900?
4
What is the units digit of 115226?
6
What is the units digit of 1558860?
0
What is the thousands digit of 134365?
4
What is the hundred thousands digit of 5762277?
7
What is the tens digit of 935122?
2
What is the units digit of 6588?
8
What is the ten thousands digit of 198567?
9
What is the hundreds digit of 5148518?
5
What is the thousands digit of 1767732?
7
What is the thousands digit of 1118128?
8
What is the thousands digit of 612865?
2
What is the thousands digit of 179402?
9
What is the millions digit of 1993166?
1
What is the tens digit of 24181617?
1
What is the hundreds digit of 3617619?
6
What is the tens digit of 780978?
7
What is the hundred thousands digit of 249259?
2
What is the ten thousands digit of 178516?
7
What is the tens digit of 340620?
2
What is the units digit of 2332831?
1
What is the millions digit of 1214502?
1
What is the units digit of 8338129?
9
What is the ten thousands digit of 15667831?
6
What is the units digit of 217757?
7
What is the units digit of 5722723?
3
What is the hundred thousands digit of 6523248?
5
What is the units digit of 3719721?
1
What is the ten thousands digit of 17726107?
2
What is the hundreds digit of 575502?
5
What is the hundreds digit of 3394418?
4
What is the ten millions digit of 11399627?
1
What is the hundreds digit of 593444?
4
What is the ten thousands digit of 1918487?
1
What is the millions digit of 1509713?
1
What is the ten thousands digit of 13853837?
5
What is the thousands digit of 177180?
7
What is the hundreds digit of 19115690?
6
What is the hundreds digit of 20354307?
3
What is the thousands digit of 1061875?
1
What is the hundreds digit of 607842?
8
What is the tens digit of 805066?
6
What is the ten thousands digit of 7196467?
9
What is the ten thousands digit of 7202490?
0
What is the hundred thousands digit of 4727433?
7
What is the tens digit of 4768082?
8
What is the thousands digit of 175142?
5
What is the hundred thousands digit of 28855475?
8
What is the thousands digit of 2206541?
6
What is the units digit of 167708?
8
What is the hundreds digit of 283634?
6
What is the thousands digit of 204616?
4
What is the ten thousands digit of 36363?
3
What is the hundreds digit of 491956?
9
What is the hundreds digit of 5011220?
2
What is the units digit of 5679041?
1
What is the ten thousands digit of 840296?
4
What is the ten thousands digit of 5436615?
3
What is the thousands digit of 142008?
2
What is the tens digit of 2853010?
1
What is the hundreds digit of 1546935?
9
What is the thousands digit of 460699?
0
What is the ten thousands digit of 2414360?
1
What is the millions digit of 3213253?
3
What is the units digit of 1372638?
8
What is the hundred thousands digit of 221174?
2
What is the hundreds digit of 1369558?
5
What is the hundred thousands digit of 880551?
8
What is the thousands digit of 16973555?
3
What is the units digit of 290884?
4
What is the tens digit of 10078429?
2
What is the ten thousands digit of 1213207?
1
What is the thousands digit of 105667?
5
What is the hundreds digit of 339740?
7
What is the thousands digit of 208843?
8
What is the units digit of 288460?
0
What is the hundreds digit of 10773414?
4
What is the ten thousands digit of 219204?
1
What is the ten thousands digit of 270373?
7
What is the millions digit of 4882133?
4
What is the units digit of 85813?
3
What is the thousands digit of 1577810?
7
What is the hundreds digit of 88453?
4
What is the thousands digit of 4224415?
4
What is the units digit of 180308?
8
What is the units digit of 7562434?
4
What is the millions digit of 1474771?
1
What is the hundreds digit of 8584308?
3
What is the hundreds digit of 136937?
9
What is the hundred thousands digit of 132261?
1
What is the thousands digit of 577965?
7
What is the hundreds digit of 10601957?
9
What is the tens digit of 210317?
1
What is the hundred thousands digit of 315369?
3
What is the tens digit of 4626338?
3
What is the ten thousands digit of 539984?
3
What is the ten thousands digit of 8037100?
3
What is the units digit of 69051?
1
What is the millions digit of 2048410?
2
What is the tens digit of 805646?
4
What is the ten thousands digit of 551794?
5
What is the thousands digit of 410598?
0
What is the hundred thousands digit of 8060472?
0
What is the hundred thousands digit of 283752?
2
What is the tens digit of 57392?
9
What is the thousands digit of 247913?
7
What is the tens digit of 3310947?
4
What is the hundred thousands digit of 2704527?
7
What is the tens digit of 4095684?
8
What is the tens digit of 1448602?
0
What is the tens digit of 331438?
3
What is the ten thousands digit of 1238628?
3
What is the hundred thousands digit of 758142?
7
What is the hundred thousands digit of 3218778?
2
What is the tens digit of 178575?
7
What is the thousands digit of 393855?
3
What is the hundred thousands digit of 6377371?
3
What is the tens digit of 946144?
4
What is the tens digit of 1366373?
7
What is the millions digit of 2602806?
2
What is the hundred thousands digit of 1747629?
7
What is the thousands digit of 157534?
7
What is the millions digit of 12607888?
2
What is the millions digit of 1710013?
1
What is the hundred thousands digit of 3540943?
5
What is the thousands digit of 13744544?
4
What is the units digit of 573480?
0
What is the units digit of 5635692?
2
What is the ten thousands digit of 342726?
4
What is the units digit of 753755?
5
What is the hundreds digit of 492575?
5
What is the hundreds digit of 428502?
5
What is the hundreds digit of 1736647?
6
What is the tens digit of 8485666?
6
What is the hundreds digit of 1498670?
6
What is the tens digit of 2279885?
8
What is the units digit of 2542942?
2
What is the ten thousands digit of 2274646?
7
What is the hundred thousands digit of 1545644?
5
What is the hundred thousands digit of 565276?
5
What is the units digit of 213014?
4
What is the units digit of 736387?
7
What is the millions digit of 4174906?
4
What is the units digit of 23801138?
8
What is the tens digit of 17155?
5
What is the tens digit of 4358470?
7
What is the thousands digit of 379939?
9
What is the hundreds digit of 549884?
8
What is the millions digit of 20564972?
0
What is the units digit of 291064?
4
What is the hundred thousands digit of 205983?
2
What is the tens digit of 1242704?
0
What is the ten thousands digit of 4464566?
6
What is the tens digit of 312369?
6
What is the thousands digit of 24425196?
5
What is the units digit of 1544792?
2
What is the hundreds digit of 33000365?
3
What is the thousands digit of 567913?
7
What is the hundreds digit of 5474334?
3
What is the units digit of 316974?
4
What is the units digit of 4008793?
3
What is the units digit of 7128568?
8
What is the thousands digit of 14376683?
6
What is the thousands digit of 3373001?
3
What is the units digit of 823885?
5
What is the units digit of 695305?
5
What is the ten millions digit of 11856800?
1
What is the thousands digit of 393403?
3
What is the hundreds digit of 4922602?
6
What is the hundred thousands digit of 4505513?
5
What is the ten thousands digit of 354870?
5
What is the thousands digit of 125356?
5
What is the ten thousands digit of 5818640?
1
What is the hundreds digit of 11362360?
3
What is the hundreds 